). Let q be 100/6 - (13/h + 4). What is the greatest common divisor of q and o?
17
Let h = -1 - -3. Suppose -160 = -2*g - h*g. Suppose 5*k - l = 40, k - 12 + 4 = 3*l. What is the highest common divisor of g and k?
8
Let i be (-90)/4*36708/(-342). What is the greatest common factor of i and 35?
35
Let u be (-1205)/(-25) + (-1)/5. Let w = u - 32. Calculate the highest common factor of w and 16.
16
Let g = 443 + -143. What is the highest common factor of g and 60?
60
Suppose -2*w + 11 = 5*u, 9*w - 8*w - 3 = 0. Suppose 2*n + 2*q + 46 = 7*n, -2*n = 2*q - 10. Let b = n + 1. Calculate the highest common factor of b and u.
1
Let o be (-6)/(1 - -2) + 739. Suppose 4*y - o = -3*c, -5*y + 6 = -2*y. Let v = 62 - 35. Calculate the highest common divisor of c and v.
27
Suppose -40 = -4*a - 4*a. Suppose 0 = -a*j - 38 + 143. Calculate the highest common factor of j and 168.
21
Suppose 8*x - 308 = 4*x - 4*a, -4*a + 388 = 5*x. Let s(v) = 57*v - 139. Let c be s(3). What is the greatest common factor of c and x?
16
Suppose 5*o + 0*o = -70. Let q be 354/14 - (-4)/o. What is the greatest common factor of 100 and q?
25
Let x = 128 - -21. Let k = -69 + x. Let d = 35 + -25. What is the greatest common divisor of k and d?
10
Let t(q) = -q**2 + 4*q + 18. Let c be t(10). Let u be (-83)/(-6) + (-7)/c. Calculate the greatest common factor of 154 and u.
14
Let m = 6 + -3. Suppose -7*y = -m*y + 3*h - 113, 0 = 3*y + h - 81. Let p = 22 + y. What is the highest common factor of 24 and p?
24
Suppose 9064 + 926 = 27*n. What is the highest common divisor of 74 and n?
74
Suppose 5*a - 2*q = -4*q + 935, -2*a = -2*q - 374. Let r = a - -198. Let p = r + -178. What is the greatest common divisor of 23 and p?
23
Let v = 31 - 23. Suppose 6*s = v*s - 132. What is the highest common divisor of 6 and s?
6
Let f(v) = -v**3 - 9*v**2 + 13*v + 5. Let g be f(-10). Let r = -19 - g. What is the greatest common divisor of 54 and r?
6
Suppose -r + 34 = -2*z, 3*r + 2*z - 130 = -4. What is the greatest common factor of r and 110?
10
Suppose -71 = -c - p + 84, 5*c + 2*p - 769 = 0. Let r(s) = 16*s**2 - 9*s - 8. Let b be r(-1). What is the highest common factor of b and c?
17
Suppose -2*q + 7*q = 15. Let h be (-37 - -36)*((0 - -1) + 36). Let n = h + 38. What is the highest common divisor of q and n?
1
Let t = -107 - -169. Suppose s - t = -s. Let k be (5 - 3)/(7/868*1). What is the highest common divisor of s and k?
31
Suppose -7*n + 352 = -3*n. Let j be (-12)/36*5/(25/(-120)). What is the greatest common factor of j and n?
8
Let l(b) = 8*b + 9. Let z be l(7). Suppose -406 = -3*g + 5*i, 3*g - z = i + 333. What is the highest common factor of 88 and g?
44
Let c be (-155)/(-6) + 6/36. Suppose -4*s = -3*a + s + c, 5*a - 30 = 5*s. Suppose 19 = a*q - 17. Calculate the highest common factor of 6 and q.
6
Suppose -5*w + t - 3*t + 13 = 0, 4*t + 4 = 0. Suppose -2*a - 3*a + q = -51, w*a + 2*q = 28. Calculate the greatest common factor of 10 and a.
10
Let c(o) = o**2 + 10*o + 69. Let n be c(-5). What is the highest common factor of 143 and n?
11
Let p(m) be the third derivative of 17*m**4/12 + m**3/6 - 6*m**2. Suppose 3 = l + 2. Let j be p(l). What is the highest common divisor of j and 5?
5
Suppose -4*v + 176 = 5*b, -5*b = 3*v - 5*v + 58. What is the highest common divisor of v and 104?
13
Let i(q) be the first derivative of q + 0*q - 5 - 3*q - 3*q + q**2. Let x be i(7). Calculate the greatest common divisor of 72 and x.
9
Suppose 0 = 4*k + 167 - 767. Let f be (-6)/((-60)/154) - 4/10. Calculate the highest common divisor of f and k.
15
Suppose -5*l + 143 = 2*c - 168, 0 = -2*c + 3*l + 351. Let s = 173 - c. What is the highest common divisor of s and 1?
1
Let a(r) = -2*r**2 + 47*r**3 + 0 + r + 23*r**3 + 0. Let n be a(1). What is the greatest common divisor of n and 23?
23
Let n = -152 - -154. Let w(d) = -d + 1. Let k be w(0). Let p be k - -95 - (2 - n). What is the highest common divisor of 12 and p?
12
Suppose -47*u = 9*u - 1008. What is the highest common divisor of 486 and u?
18
Let x(k) = -1. Let w(b) = b + 3. Let y(g) = -w(g) + 4*x(g). Let t be y(-3). Let s be -72*2/t*2. Calculate the highest common factor of 8 and s.
8
Let a(o) = -o**2 - 7*o - 5. Let c be a(-2). What is the greatest common divisor of c and 6?
1
Let c = 244 + -174. Suppose 4*i = -5*o + 9*i - c, 5*i + 20 = 0. Let b = o + 34. Calculate the greatest common factor of 16 and b.
16
Let f(j) = -55*j. Let z be f(-1). Suppose 4 - 1 = r. Suppose -4*k - k + 125 = 5*l, -r*l + 9 = 0. Calculate the greatest common divisor of k and z.
11
Let l be (-8)/6*261/(-116). What is the greatest common factor of l and 57?
3
Suppose 2*i + 0*o = -5*o + 57, -5*i - 4*o + 117 = 0. Suppose -m + 0*m = -3*g + 38, 5*g = 4*m + 54. Calculate the greatest common factor of g and i.
7
Suppose -23*z = -12*z - 627. What is the greatest common divisor of z and 3?
3
Suppose -n + 0*n - 7 = 0. Let q be 3/(-21) - 36/n. Suppose a = -q*z + 55, -6*a + 3*a = -15. What is the highest common factor of 50 and z?
10
Let g(c) = 260*c**2 + 17*c + 26. Let u be g(-4). What is the highest common factor of 58 and u?
58
Suppose 3*w - 5 = 5*o - 0, -31 = -3*o - 5*w. Let d(z) = z - 1. Let s be d(o). Calculate the greatest common divisor of 3 and s.
1
Let a be 4/(-3)*(-6)/4. Suppose -5 = -h, a*f - 2*h - 35 = -f. Let g = -79 + 109. Calculate the greatest common divisor of g and f.
15
Suppose 31 + 26 = 5*x - 4*l, 55 = 5*x - 5*l. Suppose -h = -4*f - x, 0*h - h = 5*f + 5. Calculate the highest common factor of 55 and h.
5
Suppose 0 = j - 31 + 35, -2*k = -5*j - 172. What is the greatest common divisor of 228 and k?
76
Suppose -8*v + 11*v - 2*r - 1 = 0, -3*r + 7 = 4*v. Calculate the highest common factor of 31 and v.
1
Suppose 3829*f + 260 = 3834*f. What is the highest common divisor of 871 and f?
13
Let h(l) = -l**3 + 14*l**2 + 31*l + 44. Let t be h(16). Calculate the highest common factor of 476 and t.
28
Let v = -1711 + 1807. What is the highest common divisor of v and 432?
48
Let p(r) = 2*r**2 - 2*r + 5. Let n be p(2). Suppose 5*a - 3*y + 1 = 0, 1 - 3 = -y. Calculate the highest common factor of n and a.
1
Let f(u) = -u + 120. Let k be f(0). What is the greatest common factor of k and 1800?
120
Let v = -5 - -10. Suppose 0 = 2*d, 2*d + 6 = v*h - 14. Suppose 0 = 2*s - 40 + h. Calculate the greatest common factor of s and 45.
9
Let m(z) = z**3 - 6*z**2 - 10*z - 1. Let b be m(8). Let x = -26 + b. Let t = 194 + -89. What is the highest common factor of t and x?
21
Let j be 90/40*(-24)/(-45)*5. Let n(u) = -u**2 - u + 24. Let y(w) = w + 2. Let s be y(-2). Let k be n(s). Calculate the greatest common divisor of k and j.
6
Suppose 0 = -4*q + t + 539, -q - 3*t - 33 = -184. Let c = q - 61. What is the greatest common factor of c and 15?
15
Let q be (((-345)/(-4))/(-5))/(26/(-312)). Calculate the highest common divisor of 69 and q.
69
Let a be 1/(7/21) + 770 + 1. Calculate the highest common factor of a and 18.
18
Let u be (-3 + 0)*((-2)/(-6) + -1). Suppose u*v - 22 = v. What is the highest common factor of v and 11?
11
Let a = -72 - -80. Let m = -1 + 2. Calculate the greatest common divisor of a and m.
1
Let z be ((-12)/(-9))/(8/12). Suppose 5*q + z*q - 119 = 0. What is the highest common factor of q and 136?
17
Let f = 1096 + -589. Let a = f - 251. Calculate the greatest common factor of a and 16.
16
Let w be (-6 - -7)/(6/1380). What is the highest common factor of w and 46?
46
Suppose 14*x - 12*x = 6. Suppose -2*c = -x*v + 2*v + 10, 2*c = -4*v. Let d = v - -30. Calculate the greatest common factor of d and 8.
8
Suppose -34 = 4*b + 2. Let p = 23 + b. Calculate the greatest common factor of p and 56.
14
Let z(f) = -f**2 - 14*f + 18. Suppose 4*n = v - 51, -10 = 2*n - 4*v - 2. Let t be z(n). Calculate the greatest common divisor of t and 36.
18
Let y be 6*-1*142/(-213). Calculate the highest common factor of y and 1.
1
Let k = 181 + -97. Suppose -14*o = -7*o - k. Calculate the highest common factor of o and 312.
12
Let j = 4746 - -12. What is the highest common divisor of j and 78?
78
Let f = 83 - 81. Let v(h) = h**2 + 14*h + 1. Let c be v(-14). Calculate the highest common divisor of f and c.
1
Suppose 145 = 5*z - 3*a, -5*a + 6*a = -z + 37. What is the greatest common factor of z and 544?
32
Let i = -45 + 48. Suppose -